hest common divisor of a and p.
12
Let q be (-688)/(-2) + 7*1/1. Calculate the greatest common factor of q and 195.
39
Suppose -2*y = -7*y + 210. Suppose 0 = -3*n - 5*r + 330, 204 = -22*n + 24*n - 2*r. What is the greatest common divisor of n and y?
21
Suppose s - 1233 = -4*u, 5*u - 190*s - 1544 = -194*s. Calculate the highest common divisor of u and 1584.
44
Let y = -13520 + 13565. What is the highest common divisor of y and 9615?
15
Suppose -39*k + 2628 = -4158. What is the highest common factor of 7482 and k?
174
Let c(q) = q**3 + 4*q**2 - 8*q - 15. Let l be c(-3). What is the greatest common divisor of l and 3267?
9
Suppose -2*c + r = -145, 255 = 4*c - 5*r + 10*r. Suppose 3140 = 5*o + 2*p, 5*p = o + 138 - 793. What is the greatest common divisor of c and o?
70
Suppose 0 = p - 5*p + 128. Let q be 2/(-17 - -14 - (-145)/48). Suppose 143*c = 139*c + q. Calculate the highest common factor of c and p.
8
Let m be ((-2)/(-8))/((-51)/408). Let s be 350/20*m/(-1). Calculate the greatest common factor of 28 and s.
7
Let u(t) = -642*t - 17. Let l be u(-1). Let r = l + -326. What is the greatest common divisor of 13 and r?
13
Let m = -7633 + 7636. What is the greatest common factor of 751 and m?
1
Suppose -87*d + 90*d + 36 = 0. Let x be (108/(-21))/(d/112). Calculate the greatest common factor of 12 and x.
12
Suppose -13 = l + 5*n - 41, -5*l - 3*n + 30 = 0. Let h = -41 - -89. What is the greatest common factor of h and l?
3
Suppose 0 = 5*d - 20, 11*c + 20 = 6*c + 5*d. Suppose -b - 6 = -5*q, c*b + 4 = 3*b - 4*q. Calculate the greatest common factor of b and 8.
4
Suppose -45*y = -27442 + 3592. Calculate the greatest common divisor of y and 245.
5
Suppose -50*l + 6552 = -12*l - 20*l. Calculate the highest common divisor of l and 476.
28
Let v be (28/(-18))/((-24)/(-36))*-3. Let i be 5 + 0 + (14 - v). Suppose -i*s = -5*s - 1925. What is the highest common divisor of 25 and s?
25
Let g = 208 - 299. Let h = g + 51. Let a be -8*(-12)/h*-5. What is the highest common divisor of 60 and a?
12
Suppose m + 4*s = -16, -4*s = -4*m + 14 + 2. Suppose m = 3*l + 3*n - 348, 5*l - n - 106 = 4*l. Calculate the greatest common divisor of 74 and l.
37
Let h(q) = q**3 - 8*q**2 - 33*q + 36. Let l be h(11). Suppose -l*d + 38*d = 8. Calculate the highest common divisor of d and 28.
4
Let t be (-252)/18 + (-1)/1. Let x be (-306)/15 - 6/t. Let o be 4 + -2 - x/2. What is the greatest common divisor of o and 3?
3
Let l(z) = z + 2. Let i be l(2). Let o be (-125)/10 + -1*(-2)/i. Let u be (16/3)/(-2*2/o). What is the highest common divisor of 40 and u?
8
Suppose 2*v - 32 = -4. Suppose v*m = 759 + 1271. Calculate the greatest common factor of m and 5.
5
Suppose 0 = -32*y - 42610 + 52521 + 64457. What is the greatest common divisor of y and 498?
166
Let b be ((-402560)/(-510))/((4/(-3))/(-2)). What is the greatest common divisor of 370 and b?
74
Suppose 3*w + 5*y = 2258, -4*w + 3*w = -y - 758. Calculate the highest common factor of w and 81.
27
Let t(v) = -75*v**2 - 3*v + 3. Let b be t(1). Let u = 71 + b. Let o be (5028/(-21))/(-2) + u/(-14). Calculate the greatest common divisor of o and 24.
24
Let w be 52/78*6384/8. What is the highest common divisor of w and 437?
19
Let m be 2*587/(-1)*(-1)/2. Let n = m + -363. What is the highest common factor of 7 and n?
7
Let f(s) = 6*s**3 + 222*s**2 - 6*s - 194. Let q be f(-37). What is the highest common factor of q and 2450?
14
Let p = -9 + 3. Let k be 171/5*(0 - 20/p). Let c = 150 - k. What is the highest common factor of c and 9?
9
Let w be (6*(-92)/12)/(0 - 2). Let a be (0 - 1)/(11/(-2277)). What is the greatest common divisor of a and w?
23
Suppose 16*g + 36 = 19*g. Let b be 46/12 - 1*1/(-6). Suppose 3*n - b - 8 = 0. What is the greatest common factor of g and n?
4
Let y(v) = -v**3 + 8*v**2 + 19*v + 13. Let b be y(10). Suppose 3*q + a - 41 = 0, -18*q + b*a = -16*q - 42. Calculate the greatest common divisor of q and 60.
15
Let x(n) = 50*n**3 - 29*n**2 - 10. Let d be x(3). Calculate the highest common divisor of d and 13.
13
Suppose 9*i = 2506 + 5270. What is the greatest common factor of i and 1632?
96
Suppose 6*t - 4 = 8. Suppose 12 - t = 2*o. Suppose o*x - 348 = -x. What is the greatest common divisor of 29 and x?
29
Let w(v) = 34*v**2 - v + 14. Let t be w(6). Suppose 33*c = 5*c + t. What is the greatest common divisor of c and 44?
44
Suppose 9*m + 4*r = 14*m - 89, -63 = -3*m + 4*r. Let a(k) = -93*k + 5. Let d be a(-4). Calculate the greatest common factor of d and m.
13
Let n(b) = 35*b**2 - 333*b - 125. Let g be n(-22). Calculate the greatest common factor of 39 and g.
39
Let p = 10368 + -10152. Calculate the highest common divisor of 6426 and p.
54
Let c = 40 + -75. Let l = 3 - c. Let g be (88/(-8) + 10)*(-2 - 93). Calculate the greatest common factor of l and g.
19
Let t be (-30 + (15 - -14))/(12/(-96) + 2/(-112)). Let c be (3 - -186)/(0 + 1). Calculate the greatest common factor of t and c.
7
Let f(o) = 3*o**2 - 75*o - 14. Let k be f(28). What is the highest common divisor of k and 126?
14
Let d = -443 - -777. Let y be 6/(-45) - (d/(-30) - -2). Calculate the greatest common factor of y and 36.
9
Let j(q) = 64*q - 2279. Let s be j(43). Calculate the greatest common factor of s and 143.
11
Let a(d) = 332*d + 5315. Let k be a(-16). Let o = -158 - -254. Let r = o - 66. What is the greatest common factor of k and r?
3
Let j(n) = n**3 + 10*n**2 - 4*n + 225. Let s be j(0). Calculate the greatest common divisor of s and 125.
25
Let m(l) be the second derivative of -l**5/20 - 49*l**4/12 + 17*l**3/2 + 215*l**2/2 - 231*l. Let x be m(-50). What is the greatest common factor of x and 44?
11
Let x be (-7)/(63/(-558))*(-2)/(-4). Let c = x + -29. What is the greatest common factor of 27 and c?
1
Let k(a) = 1459*a**2 + 7*a + 8. Let b be k(-1). What is the highest common factor of 60 and b?
20
Suppose 1058 = -3*a - 0*a + g, 2*a + 711 = -5*g. Let z = a - -199. Let d = 224 + z. Calculate the greatest common divisor of d and 10.
10
Let o be ((-5)/3)/(10/(-24)). Suppose -6*q = o*j - 4*q - 62, -q - 44 = -3*j. What is the highest common divisor of 165 and j?
15
Let d be (-2)/((-8)/(-54)*-1*6/12). Calculate the greatest common divisor of 2619 and d.
27
Suppose 11*o = 8*o - 492. Let y = -112 - o. What is the highest common divisor of 78 and y?
26
Let w(i) = 7*i**3 + i**2 - i + 1. Let q be w(1). Let p(n) = 28*n**3 - 3*n. Let d be p(-2). Let o = -206 - d. Calculate the highest common factor of q and o.
4
Let o(a) = -2*a - 6. Let n be o(6). Let f = n - -26. Let z be -2*49/(-21)*(8 - (-4)/1). What is the greatest common divisor of z and f?
8
Let v be (90 - 0)*(-454)/(-2043). What is the greatest common divisor of v and 17180?
20
Let r be (-6 - 1) + 3 + -61. Let o = 92 + r. What is the highest common factor of 9 and o?
9
Suppose -6*m - 94 = -238. Suppose 37*c - m = 35*c. Let h be ((-3)/5 + (-204)/(-140))*14. Calculate the greatest common factor of c and h.
12
Suppose 13*k = 275 - 2875. Let q = -158 - k. Calculate the greatest common factor of q and 112.
14
Let o be 5 + (-2 - 7)/3. Let i(u) = 10*u**2 - 5*u + 12. Let g be i(o). Calculate the greatest common factor of 36 and g.
6
Let k(q) = -5*q**2 - 145*q - 251. Let o be k(-27). Let d(n) = -n**2 + 2*n + 1. Let z be d(2). Calculate the greatest common factor of z and o.
1
Suppose 3114 = 203*v - 197*v. Calculate the highest common divisor of v and 6401.
173
Let z = -20 - -31. Suppose 26 = 37*k + 63. Let j be ((1056/(-9))/z)/(k/9). What is the highest common divisor of 6 and j?
6
Let w(q) = -410*q**2 + 8*q + 7. Let u be w(-1). Let m = u + 487. What is the greatest common divisor of m and 38?
38
Suppose 0 = -5*n + 4*g + 135, -125 = -5*n + 1076*g - 1074*g. What is the greatest common divisor of 1978 and n?
23
Suppose -254*g = -100233 - 98474 + 47831. What is the greatest common divisor of g and 2112?
66
Suppose 5*b + j - 4914 = 1498, 0 = -3*j + 6. Let d = 2112 - b. Calculate the greatest common divisor of 10 and d.
10
Suppose 2*l + 4*s - 3224 = 0, s = 3*l + 4*s - 4842. Calculate the highest common divisor of l and 8.
8
Let v(h) = -166*h + 4670. Let t be v(28). Let k = -4 - -3. Let l be k + (1 - -1) + 1. Calculate the greatest common factor of t and l.
2
Let l = 208 + 659. Let t = -797 + l. What is the highest common d